n. Calculate the greatest common factor of q and l.
1
Let y = -4 + 5. Suppose 3*j + 3*t + 6 = 0, -5*t + 0*t = 2*j + y. Let b(g) = -4*g - 2. Let d be b(j). What is the greatest common divisor of 70 and d?
10
Let q(c) = 5*c - 1. Let y be q(5). Let a = y - 11. Let h = -9 - -22. Calculate the highest common factor of a and h.
13
Let c(l) be the third derivative of l**5/30 + 17*l**4/24 + 13*l**3/6 + 8*l**2. Let a be c(-9). Calculate the highest common factor of a and 2.
2
Let p be 942/9 + 7/21. Calculate the highest common divisor of p and 42.
21
Let m(z) = -7*z - 2*z**2 - 15 + 8 + 7 - z**3. Let x be m(-5). What is the greatest common factor of x and 22?
22
Let h(m) = m**2 - 7*m + 1. Let g be h(7). Let r be -2*g + (-170)/(-5). Calculate the greatest common divisor of 4 and r.
4
Suppose 0 = 10*g + 8 - 28. What is the greatest common factor of g and 14?
2
Suppose 2*w = -5*q + 17, q + 2*q - 10 = -w. Suppose 5*s + 0*v - 9 = -q*v, -s - 5 = 4*v. Suppose g + s = 5. Calculate the greatest common divisor of 1 and g.
1
Let g = -3 + 20. Let h = -154 + 358. Suppose 0*q + h = 3*q. What is the highest common divisor of q and g?
17
Let g = -19 - -23. Suppose 5*m - u - 185 = 0, 3*m + m = g*u + 164. Let y = 11 + -5. Calculate the highest common divisor of m and y.
6
Suppose 0 = -2*f + 91 - 25. What is the highest common factor of 22 and f?
11
Suppose -i - 4*i + 20 = 0, -i + 3 = o. Let j be o/2 - (-25)/2. Let c be ((-9)/(-5))/(-3)*-5. What is the highest common factor of j and c?
3
Let b = 28 - -26. What is the greatest common divisor of b and 27?
27
Suppose 52 + 173 = 5*g. Let q be 12/((g/12)/5). Calculate the greatest common divisor of q and 16.
16
Let r be (-4)/(-2) + (-4 - -6). Suppose 4*v + w - 6 = 1, 4*w + 12 = r*v. Let z be (30/v)/((-1)/(-1)). What is the greatest common divisor of z and 30?
15
Let z = -11 - -18. Let k be 1/(-5) - (-282)/10. Calculate the highest common divisor of k and z.
7
Let s = -17 + 24. Let j = -13 + 20. What is the greatest common divisor of j and s?
7
Let r = -12 - -48. Suppose 24 = 4*z - r. What is the greatest common factor of z and 105?
15
Let l(v) = v - 2. Let h be l(7). Let o be (12/h)/((-6)/(-20)). Calculate the greatest common factor of o and 88.
8
Let j(d) = 3*d + 6. Let n be (-4)/22 + 140/44. Let b be j(n). Calculate the highest common factor of 15 and b.
15
Let p = 7 + -3. Suppose 0 = 3*o - 4*o. Suppose u - 5 - 7 = o. Calculate the highest common factor of p and u.
4
Let u(k) = -k**2 - 4*k - 5. Let z be u(-5). Let p be -1 + 1 - (7 + z). Let o be -1 + (-6)/p - -31. Calculate the greatest common divisor of 4 and o.
4
Let n be 278/(-6) + (-4)/(-12). Let f = n - -68. Calculate the highest common factor of f and 2.
2
Let f(s) = -21*s - 8. Let z be f(-8). Suppose 3*g = g + z. Calculate the greatest common factor of g and 10.
10
Let p = 40 - -62. What is the greatest common divisor of 68 and p?
34
Let k(l) be the first derivative of -2*l**2 - 10*l + 4. Let w be k(-8). Calculate the highest common divisor of w and 11.
11
Let p be (49 - -2) + -2 - -1. Suppose 5*a - 73 = 27. What is the highest common divisor of p and a?
10
Let u be (-40)/(-18) + (-14)/63. What is the highest common divisor of u and 2?
2
Let h = -19 + 28. What is the highest common factor of h and 6?
3
Let o(f) = f**2 + 7*f - 6. Let k be o(-10). Calculate the greatest common factor of 3 and k.
3
Let n be 4*5*16/40. Calculate the highest common divisor of 1 and n.
1
Let u be -16*((-15)/(-6) + -3). Suppose 4*b = u*b + 4, -b - 94 = -3*z. Calculate the highest common divisor of 124 and z.
31
Let k(m) = 78*m**2 - 2*m + 1. Let j be (-6)/(-2 - -5) + 0. Let f be (0 + j)/(-2) - 0. Let i be k(f). Calculate the highest common divisor of 11 and i.
11
Let w be 69/15 - 6/(-15). Suppose -3*z - q = -w*z + 4, -z = 5*q - 24. Calculate the greatest common divisor of 4 and z.
4
Let q(k) be the third derivative of k**4/8 - 7*k**3/6 + 3*k**2. Let v be q(5). Calculate the greatest common divisor of v and 2.
2
Suppose 6*j = j + 15. Let s(t) = t**3 + t**2 + 2. Let x be s(0). Let o be (x/j)/((-6)/(-270)). What is the highest common factor of 6 and o?
6
Suppose 6*b = b + 20. Suppose -4*q + 8*h + 12 = b*h, 27 = 5*q - h. Suppose 3*a + 9 = 0, 6*d - 2*a = 4*d + 10. What is the greatest common factor of d and q?
2
Suppose -7*d = -8*d + 16. What is the highest common factor of d and 32?
16
Suppose -2 + 10 = o. What is the greatest common divisor of o and 88?
8
Suppose o + 3*z = -z + 34, 0 = -5*o + 4*z + 122. What is the greatest common divisor of 13 and o?
13
Let b(q) = -8*q - 1. Let o be b(-2). Let d(p) = -p**2 + 7*p - 6. Let j be d(6). Let i be (-3 - (-2 + j)) + 61. What is the greatest common factor of i and o?
15
Let j = -10 - -6. Let d be 4/(j/(-3)) + 167. What is the highest common factor of d and 17?
17
Let y = 77 - 155. Let z = y - -46. Let b = z + 45. Calculate the highest common divisor of b and 13.
13
Let x = -5 + 9. Calculate the highest common divisor of 6 and x.
2
Let l = 17 - 12. Let k = 158 + -81. Suppose -43 = -4*o + k. Calculate the highest common divisor of l and o.
5
Suppose 4*f + 58 = 3*o, 2*o + 3*o + f - 89 = 0. What is the greatest common divisor of o and 6?
6
Let k = 6 + -7. Let c be ((-6)/k + -1)/1. Suppose -2*x = 3*f - 33, -x - 2*f - 26 = -c*x. What is the highest common divisor of x and 1?
1
Suppose -124 + 24 = -2*r + f, -5*f = -5*r + 260. Calculate the highest common divisor of r and 12.
12
Let a be 242/((3/(-2))/(-3)). Calculate the greatest common divisor of a and 44.
44
Let i = 30 - 11. What is the highest common divisor of i and 38?
19
Suppose -q + 0 = -3. Suppose w - 6 = -q*x, 2*w + 2*x + 2*x = 8. Suppose w = 3*g - 12 - 6. What is the greatest common factor of g and 36?
6
Let p be (7/(-4))/(4/(-32)). Calculate the greatest common divisor of p and 35.
7
Suppose 0 = -7*t + 5*t + 80. What is the greatest common factor of t and 160?
40
Let n(c) = -c**2 - 20*c - 17. Let z be n(-17). What is the greatest common divisor of z and 85?
17
Suppose 3 = 4*x - 21. Let m = 78 + -54. What is the highest common factor of x and m?
6
Suppose 0 = s + 3*n - 22, 3*n - 52 = 3*s - 7*s. Let x = 7 - s. Let z be 3/6*x*-2. What is the greatest common factor of 1 and z?
1
Let h(a) = a - 1. Let f(x) = -80*x - 1. Let p(q) = -f(q) - 6*h(q). Let m be p(7). Suppose 0 = 3*i + 2*i - m. Calculate the greatest common factor of 15 and i.
15
Suppose v + 4*p = 2*p - 8, -v - p = 5. Let x be 4*(-5)/v*1. Suppose -x = -4*o - 3*a + 15, 4*o + 5*a = 23. What is the highest common factor of o and 35?
7
Suppose p - 5*j = 6*p - 115, 4*p - 5*j = 47. Suppose -p = -0*f - f. Let u(t) = 17*t + 1. Let h be u(1). What is the greatest common divisor of f and h?
18
Let x be (-109)/(-3) - (-2)/3. Suppose 5*i + 97 = x. Let j = i - -25. Calculate the greatest common divisor of j and 65.
13
Let u = -20 - -30. Calculate the greatest common factor of u and 5.
5
Suppose -10*r + 12*r - 18 = 0. What is the greatest common factor of 36 and r?
9
Suppose 140 = -0*w + 4*w. Let f be (-2)/((-1)/(21/3)). What is the greatest common divisor of w and f?
7
Let t(j) = j + 6. Let f = 22 - 10. Let k be t(f). Calculate the greatest common factor of k and 108.
18
Suppose 3*s - 4*s = -4*g + 12, -s = 0. Suppose -2*q - q - 2*z = -22, -3*q - g*z + 24 = 0. What is the greatest common divisor of q and 6?
6
Suppose 3*t - 27 = 9. Calculate the greatest common factor of t and 30.
6
Let w(b) = b**2 - 6*b + 6. Let f = -5 - -14. Let g = 14 - f. Let m be w(g). What is the greatest common factor of m and 8?
1
Suppose 0*y + 9 = 3*y. What is the greatest common divisor of y and 2?
1
Let l(t) = t**2 - 11*t - 17. Let k be l(14). Calculate the highest common divisor of 100 and k.
25
Suppose -2*n - 46 = -60. What is the greatest common divisor of 203 and n?
7
Let v be (-10 - -24)*13/2. Calculate the highest common factor of v and 13.
13
Let n = 23 + -13. What is the highest common factor of n and 40?
10
Suppose 0 = -2*g - h + 2 - 17, 2*g + 27 = 3*h. Let u be -3 - g*1 - -2. Calculate the highest common divisor of u and 16.
8
Let p be (-1 - -48) + (-2 - (0 - 5)). What is the highest common divisor of 10 and p?
10
Let g(s) = -s**2 + 8*s + 3. Let n be g(8). Let w(z) = 4*z**2 + 2*z. Let b be w(-2). Calculate the highest common factor of n and b.
3
Let q = -32 - -67. Let